07
In base 5, what is -3 - 1041?
-1044
In base 16, what is 6f - -1?
70
In base 12, what is -9 + -11?
-1a
In base 7, what is -5 - -42?
34
In base 12, what is 7 + -52?
-47
In base 3, what is 200 + 1110?
2010
In base 13, what is 1 - 8?
-7
In base 8, what is -156 - -10?
-146
In base 8, what is -54 + -5?
-61
In base 9, what is 678 - -5?
684
In base 8, what is 1005 + -13?
772
In base 5, what is -10003 + -10?
-10013
In base 2, what is 101 + -101010100?
-101001111
In base 8, what is 13471 + -5?
13464
In base 3, what is -2011 + -101?
-2112
In base 15, what is 7 - 13?
-b
In base 5, what is -3 + 32?
24
In base 7, what is -42 - 635?
-1010
In base 2, what is 1100001 - -101?
1100110
In base 5, what is -12312 + -10?
-12322
In base 9, what is -3 - 43?
-46
In base 12, what is 7 + -406?
-3bb
In base 16, what is 5 + -cd1?
-ccc
In base 6, what is -1 - -52?
51
In base 16, what is 1 + 597?
598
In base 11, what is 107 - 0?
107
In base 2, what is -101101110 - -1000111?
-100100111
In base 7, what is -226 + -240?
-466
In base 7, what is 5 + 1345?
1353
In base 3, what is -100 - 102011?
-102111
In base 13, what is -5 - 8c?
-94
In base 13, what is -32 + -23?
-55
In base 2, what is 11101 + 0?
11101
In base 14, what is 67 - -36?
9d
In base 11, what is 2 + 598?
59a
In base 16, what is -f - -390?
381
In base 5, what is 10 + -202?
-142
In base 3, what is -2 + -1002102?
-1002111
In base 4, what is -10 - 120?
-130
In base 2, what is -1110111 - 101010?
-10100001
In base 5, what is 3004 + 3?
3012
In base 7, what is -2 + -155?
-160
In base 6, what is 420 + -3?
413
In base 7, what is 456 - -13?
502
In base 9, what is -2455 - 3?
-2458
In base 11, what is -3519 + 4?
-3515
In base 12, what is 1aa3 - 1?
1aa2
In base 9, what is 10 + 26?
36
In base 5, what is 2 - -424?
431
In base 7, what is 461 - 2?
456
In base 13, what is 73 + -6?
6a
In base 4, what is 10130 - -22?
10212
In base 2, what is 111 - -10111001?
11000000
In base 8, what is -26 + 426?
400
In base 14, what is 2b + -a?
21
In base 15, what is -73 - 32?
-a5
In base 5, what is 10 + -221?
-211
In base 11, what is 3 + -833?
-830
In base 6, what is 2135 - -5?
2144
In base 12, what is -16 - 337?
-351
In base 7, what is 1624 + -10?
1614
In base 16, what is -2 + 167?
165
In base 15, what is -2 - 658?
-65a
In base 9, what is 454 - 4?
450
In base 9, what is 3 + 158?
162
In base 5, what is -4 - 1141?
-1200
In base 2, what is -1110111 - -10001?
-1100110
In base 16, what is 0 - 89?
-89
In base 2, what is -10101 + 10111?
10
In base 12, what is -55 - -1?
-54
In base 4, what is -231103 - -1?
-231102
In base 7, what is -4 + 41?
34
In base 10, what is -4 - -438?
434
In base 14, what is 11 - -6?
17
In base 13, what is 426 - -1?
427
In base 8, what is -17 + 12?
-5
In base 8, what is -2 + 526?
524
In base 6, what is -51013 - -5?
-51004
In base 12, what is -b9 - 5?
-102
In base 13, what is -910 + 2?
-90b
In base 16, what is 3 + -41?
-3e
In base 14, what is -8 - 4a?
-54
In base 14, what is -4797 + 0?
-4797
In base 9, what is -24 + 57?
33
In base 9, what is -7 + 285?
277
In base 5, what is 323 - 1?
322
In base 11, what is -a42 + 5?
-a38
In base 15, what is -2c4b - 5?
-2c51
In base 7, what is 426 + -2?
424
In base 4, what is -31 + 111?
20
In base 16, what is 2d7 + 4?
2db
In base 3, what is 1011 + -12221?
-11210
In base 11, what is 301 + 11?
312
In base 4, what is -13203 + -10?
-13213
In base 8, what is 762 + -2?
760
In base 3, what is 0 + 110101?
110101
In base 9, what is -3 - -61?
57
In base 9, what is -440 + 5?
-434
In base 13, what is -15 - c4?
-109
In base 9, what is 1051 + -3?
1047
In base 14, what is -4 - 295?
-299
In base 5, what is 112132 + -4?
112123
In base 9, what is 244 - -1?
245
In base 3, what is -1 - -2012?
2011
In base 2, what is 100 - 10111011?
-10110111
In base 2, what is 100 + 100001?
100101
In base 16, what is -2 - -23?
21
In base 12, what is -11a - 5?
-123
In base 3, what is 0 + 101?
101
In base 16, what is 4 - -63?
67
In base 2, what is 10101111101 - -11?
10110000000
In base 15, what is 5 - -2a?
30
In base 12, what is 4 + -247?
-243
In base 9, what is 26 - 10?
16
In base 16, what is 2 + 59?
5b
In base 15, what is cb - 7?
c4
In base 14, what is -1 - 15?
-16
In base 5, what is -10102 - 3?
-10110
In base 7, what is -2 - -163?
161
In base 14, what is -170 - -5?
-169
In base 8, what is -70 - -161?
71
In base 2, what is 11 + -10001110?
-10001011
In base 3, what is -10 + 221?
211
In base 8, what is 1234 + -6?
1226
In base 5, what is 0 + 2?
2
In base 13, what is -59 + -5?
-61
In base 5, what is 23 + -12?
11
In base 13, what is 10 + 3?
13
In base 11, what is -1 - 42?
-43
In base 7, what is 2404 + 1?
2405
In base 16, what is -5 + 1a?
15
In base 16, what is 8c + 0?
8c
In base 2, what is 11111000100 - 10?
11111000010
In base 10, what is 79 + -1?
78
In base 3, what is 212222 + -2?
212220
In base 6, what is -4214 - 0?
-4214
In base 15, what is -17a0 + 2?
-179d
In base 10, what is 4 + -934?
-930
In base 11, what is 1a38 + -5?
1a33
In base 16, what is -4 - 14fc?
-1500
In base 7, what is -1 + 202?
201
In base 12, what is 4 + -a7?
-a3
In base 2, what is 11 - -101100?
101111
In base 3, what is -12 - 120001?
-120020
In base 3, what is -1002002 + -222?
-1010001
In base 14, what is -517 + -1?
-518
In base 3, what is 22 - -100201?
101000
In base 12, what is 4 - 5a4?
-5a0
In base 4, what is 311232 - -10?
311302
In base 10, what is -398 + 1?
-397
In base 2, what is 1 + -11011010?
-11011001
In base 14, what is -a - 111?
-11b
In base 2, what is -11 + -10011101?
-10100000
In base 4, what is 2333 + 1322?
10321
In base 14, what is c + -4?
8
In base 5, what is 40 + -13?
22
In base 16, what is c - -81?
8d
In base 4, what is 110 + 131?
301
In base 8, what is 467 - -4?
473
In base 3, what is 202 - -1100?
2002
In base 13, what is -7 - 11?
-18
In base 3, what is 1022110 + -1?
1022102
In base 11, what is 0 + 3495?
3495
In base 12, what is -181 - 2?
-183
In base 9, what is -110 - -6?
-103
In base 8, what is -4 - -1675?
1671
In base 16, what is -2 + -b9?
-bb
In base 15, what is 1ab - -1?
1ac
In base 12, what is -a7 + 5?
-a2
In base 16, what is a + -5f?
-55
In base 6, what is -355 + 1?
-354
In base 16, what is -1f - -19?
-6
In base 5, what is 22112 + -20?
22042
In base 2, what is 1101001000 - 11?
1101000101
In base 5, what is 32114 - -1?
32120
In base 3, what is 10 - 20022?
-20012
In base 8, what is -2 - -206?
204
In base 10, what is 79 - -9?
88
In base 10, what is -189 - -2?
-187
In base 4, what is -10 - -230313?
230303
In base 13, what is -1b + -14?
-32
In base 8, what is 157 + 6?
165
In base 16, what is a - d4?
-ca
In base 14, what is -3 - 209?
-20c
In base 16, what is -6d8 + d?
-6cb
In base 6, what is 22 - 1053?
-1031
In base 10, what is -118 - -28?
-90
In base 16, what is 3c - -34?
70
In base 12, what is -3 + -71?
-74
In base 6, what is -10 - -512?
502
In base 2, what is -101 - -1101010?
1100101
In base 14, what is 5 - -17a?
181
In base 15, what is 0 + -12?
-12
In base 6, what is -3303 + 3?
-3300
In base 4, what is 3100 + 201?
3301
In base 9, what is 17335 - 4?
17331
In base 15, what is 4 - 58?
-54
In base 8, what is 7 - -43?
52
In base 7, what is 2633 + -13?
2620
In base 14, what is -22b + 3?
-228
In base 3, what is 12 + -22110?
-22021
In base 15, what is 17b2 + -2?
17b0
In base 7, what is 12 + 34?
46
In base 13, what is 5a + 56?
b3
In base 5, what is -12 + 23210?
23143
In base 2, what is -10 + -1101000110010?
-1101000110100
In base 12, what is 2 + 7?
9
In base 15, what is -8c + 2b?
-61
In base 8, what is -4 - -443?
437
In base 4, what is -222 + 100?
-122
In base 7, what is 2 + 41?
43
In base 7, what is 4 + -504?
-500
In base 7, what is 16 + 44?
63
In base 14, what is ac + 2?
b0
In base 14, what is 10da + -4?
10d6
In base 8, what is -104 - -7?
-75
In base 14, what is 5 - 10?
-9
In base 10, what is 90 + 14?
104
In base 8, what is 6 + 76?
104
In base 3, what is 121 + -12122?
-12001
In base 13, what is -ab + -9?
-b7
In base 6, what is -2 - -135?
133
In base 12, what is 3 + -1a2?
-19b
In base 8, what is 152 - 103?
47
In base 5, what is -1 + 14?
13
In base 15, what is 13 - 4cb?
-4b8
In base 14, what is -5 + -a08?
-a0d
In base 5, what is -30420 - -1?
-30414
In base 5, what is -40 + -2104?
-2144
In base 12, what is 0 + 38?
38
In base 9, what is 1610 + -4?
1605
In base